[INFO] cloning repository https://github.com/airportyh/gh-pages
[INFO] running `Command { std: "git" "-c" "credential.helper=" "-c" "credential.helper=/workspace/cargo-home/bin/git-credential-null" "clone" "--bare" "https://github.com/airportyh/gh-pages" "/workspace/cache/git-repos/https%3A%2F%2Fgithub.com%2Fairportyh%2Fgh-pages", kill_on_drop: false }`
[INFO] [stderr] Cloning into bare repository '/workspace/cache/git-repos/https%3A%2F%2Fgithub.com%2Fairportyh%2Fgh-pages'...
[INFO] running `Command { std: "git" "rev-parse" "HEAD", kill_on_drop: false }`
[INFO] [stdout] bfc0c1f6c73dd4400b4674b448f560327ef1346f
[INFO] checking airportyh/gh-pages against master#af3c6e733a40e671550e0f0f5aeecaa13772ba56 for pr-74989
[INFO] running `Command { std: "git" "clone" "/workspace/cache/git-repos/https%3A%2F%2Fgithub.com%2Fairportyh%2Fgh-pages" "/workspace/builds/worker-9/source", kill_on_drop: false }`
[INFO] [stderr] Cloning into '/workspace/builds/worker-9/source'...
[INFO] [stderr] done.
[INFO] validating manifest of git repo https://github.com/airportyh/gh-pages on toolchain af3c6e733a40e671550e0f0f5aeecaa13772ba56
[INFO] running `Command { std: "/workspace/cargo-home/bin/cargo" "+af3c6e733a40e671550e0f0f5aeecaa13772ba56" "read-manifest" "--manifest-path" "Cargo.toml", kill_on_drop: false }`
[INFO] started tweaking git repo https://github.com/airportyh/gh-pages
[INFO] finished tweaking git repo https://github.com/airportyh/gh-pages
[INFO] tweaked toml for git repo https://github.com/airportyh/gh-pages written to /workspace/builds/worker-9/source/Cargo.toml
[INFO] crate git repo https://github.com/airportyh/gh-pages already has a lockfile, it will not be regenerated
[INFO] running `Command { std: "/workspace/cargo-home/bin/cargo" "+af3c6e733a40e671550e0f0f5aeecaa13772ba56" "fetch" "--locked" "--manifest-path" "Cargo.toml", kill_on_drop: false }`
[INFO] [stderr] error: the lock file /workspace/builds/worker-9/source/Cargo.lock needs to be updated but --locked was passed to prevent this
[INFO] [stderr] If you want to try to generate the lock file without accessing the network, use the --offline flag.
[INFO] the lockfile is outdated, regenerating it
[INFO] running `Command { std: "/workspace/cargo-home/bin/cargo" "+af3c6e733a40e671550e0f0f5aeecaa13772ba56" "generate-lockfile" "--manifest-path" "Cargo.toml" "-Zno-index-update", kill_on_drop: false }`
[INFO] [stderr]     Blocking waiting for file lock on package cache
[INFO] running `Command { std: "/workspace/cargo-home/bin/cargo" "+af3c6e733a40e671550e0f0f5aeecaa13772ba56" "fetch" "--locked" "--manifest-path" "Cargo.toml", kill_on_drop: false }`
[INFO] running `Command { std: "docker" "create" "-v" "/var/lib/crater-agent-workspace/builds/worker-9/target:/opt/rustwide/target:rw,Z" "-v" "/var/lib/crater-agent-workspace/builds/worker-9/source:/opt/rustwide/workdir:ro,Z" "-v" "/var/lib/crater-agent-workspace/cargo-home:/opt/rustwide/cargo-home:ro,Z" "-v" "/var/lib/crater-agent-workspace/rustup-home:/opt/rustwide/rustup-home:ro,Z" "-e" "SOURCE_DIR=/opt/rustwide/workdir" "-e" "CARGO_TARGET_DIR=/opt/rustwide/target" "-e" "CARGO_HOME=/opt/rustwide/cargo-home" "-e" "RUSTUP_HOME=/opt/rustwide/rustup-home" "-w" "/opt/rustwide/workdir" "-m" "1610612736" "--user" "0:0" "--network" "none" "rustops/crates-build-env@sha256:d92eaeed33fa75130ca1ee6c8a01d1ffb62bac859dfdfb3450e3e5d1c0146529" "/opt/rustwide/cargo-home/bin/cargo" "+af3c6e733a40e671550e0f0f5aeecaa13772ba56" "metadata" "--no-deps" "--format-version=1", kill_on_drop: false }`
[INFO] [stdout] dd45afa47729e8b79c74a53f6cb00c5a1e1dad43fc758bdb6cf6f372997d14d2
[INFO] [stderr] WARNING: Your kernel does not support swap limit capabilities or the cgroup is not mounted. Memory limited without swap.
[INFO] running `Command { std: "docker" "start" "-a" "dd45afa47729e8b79c74a53f6cb00c5a1e1dad43fc758bdb6cf6f372997d14d2", kill_on_drop: false }`
[INFO] running `Command { std: "docker" "inspect" "dd45afa47729e8b79c74a53f6cb00c5a1e1dad43fc758bdb6cf6f372997d14d2", kill_on_drop: false }`
[INFO] running `Command { std: "docker" "rm" "-f" "dd45afa47729e8b79c74a53f6cb00c5a1e1dad43fc758bdb6cf6f372997d14d2", kill_on_drop: false }`
[INFO] [stdout] dd45afa47729e8b79c74a53f6cb00c5a1e1dad43fc758bdb6cf6f372997d14d2
[INFO] running `Command { std: "docker" "create" "-v" "/var/lib/crater-agent-workspace/builds/worker-9/target:/opt/rustwide/target:rw,Z" "-v" "/var/lib/crater-agent-workspace/builds/worker-9/source:/opt/rustwide/workdir:ro,Z" "-v" "/var/lib/crater-agent-workspace/cargo-home:/opt/rustwide/cargo-home:ro,Z" "-v" "/var/lib/crater-agent-workspace/rustup-home:/opt/rustwide/rustup-home:ro,Z" "-e" "SOURCE_DIR=/opt/rustwide/workdir" "-e" "CARGO_TARGET_DIR=/opt/rustwide/target" "-e" "CARGO_INCREMENTAL=0" "-e" "RUST_BACKTRACE=full" "-e" "RUSTFLAGS=--cap-lints=forbid" "-e" "CARGO_HOME=/opt/rustwide/cargo-home" "-e" "RUSTUP_HOME=/opt/rustwide/rustup-home" "-w" "/opt/rustwide/workdir" "-m" "1610612736" "--user" "0:0" "--network" "none" "rustops/crates-build-env@sha256:d92eaeed33fa75130ca1ee6c8a01d1ffb62bac859dfdfb3450e3e5d1c0146529" "/opt/rustwide/cargo-home/bin/cargo" "+af3c6e733a40e671550e0f0f5aeecaa13772ba56" "check" "--frozen" "--all" "--all-targets" "--message-format=json", kill_on_drop: false }`
[INFO] [stdout] 79b336bd4676ed8e64720343c2df485c75ad6ecfa548e4973f327b8cf5aef989
[INFO] [stderr] WARNING: Your kernel does not support swap limit capabilities or the cgroup is not mounted. Memory limited without swap.
[INFO] running `Command { std: "docker" "start" "-a" "79b336bd4676ed8e64720343c2df485c75ad6ecfa548e4973f327b8cf5aef989", kill_on_drop: false }`
[INFO] [stderr]    Compiling syn v1.0.40
[INFO] [stderr]     Checking hashbrown v0.9.0
[INFO] [stderr]    Compiling indexmap v1.6.0
[INFO] [stderr]     Checking tracing-core v0.1.16
[INFO] [stderr]     Checking net2 v0.2.35
[INFO] [stderr]     Checking iovec v0.1.4
[INFO] [stderr]     Checking socket2 v0.3.15
[INFO] [stderr]     Checking tracing v0.1.19
[INFO] [stderr]     Checking mio v0.6.22
[INFO] [stderr]     Checking tokio v0.2.22
[INFO] [stderr]     Checking tokio-util v0.3.1
[INFO] [stderr]    Compiling pin-project-internal v0.4.23
[INFO] [stderr]     Checking pin-project v0.4.23
[INFO] [stderr]     Checking futures-util v0.3.5
[INFO] [stderr]     Checking h2 v0.2.6
[INFO] [stderr]     Checking hyper v0.13.7
[INFO] [stderr]     Checking gh-pages v0.1.0 (/opt/rustwide/workdir)
[INFO] [stdout] error[E0432]: unresolved imports `hyper::header::Authorization`, `hyper::header::Basic`, `hyper::header::UserAgent`
[INFO] [stdout]   --> src/main.rs:26:21
[INFO] [stdout]    |
[INFO] [stdout] 26 | use hyper::header::{Authorization, Basic, UserAgent};
[INFO] [stdout]    |                     ^^^^^^^^^^^^^  ^^^^^  ^^^^^^^^^ no `UserAgent` in `header`
[INFO] [stdout]    |                     |              |
[INFO] [stdout]    |                     |              no `Basic` in `header`
[INFO] [stdout]    |                     no `Authorization` in `header`
[INFO] [stdout] 
[INFO] [stdout] 
[INFO] [stdout] error[E0432]: unresolved import `hyper::status`
[INFO] [stdout]   --> src/main.rs:27:12
[INFO] [stdout]    |
[INFO] [stdout] 27 | use hyper::status::StatusClass;
[INFO] [stdout]    |            ^^^^^^ could not find `status` in `hyper`
[INFO] [stdout] 
[INFO] [stdout] 
[INFO] [stdout] warning: use of deprecated macro `try`: use the `?` operator instead
[INFO] [stdout]   --> src/main.rs:95:13
[INFO] [stdout]    |
[INFO] [stdout] 95 |   let dir = try!(env::home_dir()
[INFO] [stdout]    |             ^^^
[INFO] [stdout]    |
[INFO] [stdout]    = note: `#[warn(deprecated)]` on by default
[INFO] [stdout] 
[INFO] [stdout] 
[INFO] [stdout] warning: use of deprecated macro `try`: use the `?` operator instead
[INFO] [stdout]    --> src/main.rs:100:15
[INFO] [stdout]     |
[INFO] [stdout] 100 |   let mut f = try!(File::open(&filepath));
[INFO] [stdout]     |               ^^^
[INFO] [stdout] 
[INFO] [stdout] 
[INFO] [stdout] error[E0432]: unresolved imports `hyper::header::Authorization`, `hyper::header::Basic`, `hyper::header::UserAgent`
[INFO] [stdout]   --> src/main.rs:26:21
[INFO] [stdout]    |
[INFO] [stdout] 26 | use hyper::header::{Authorization, Basic, UserAgent};
[INFO] [stdout]    |                     ^^^^^^^^^^^^^  ^^^^^  ^^^^^^^^^ no `UserAgent` in `header`
[INFO] [stdout]    |                     |              |
[INFO] [stdout]    |                     |              no `Basic` in `header`
[INFO] [stdout]    |                     no `Authorization` in `header`
[INFO] [stdout] 
[INFO] [stdout] 
[INFO] [stdout] warning: use of deprecated macro `try`: use the `?` operator instead
[INFO] [stdout]    --> src/main.rs:102:3
[INFO] [stdout]     |
[INFO] [stdout] 102 |   try!(f.read_to_string(&mut content));
[INFO] [stdout]     |   ^^^
[INFO] [stdout] 
[INFO] [stdout] 
[INFO] [stdout] warning: use of deprecated macro `try`: use the `?` operator instead
[INFO] [stdout]    --> src/main.rs:103:31
[INFO] [stdout]     |
[INFO] [stdout] 103 |   let config: GHPagesConfig = try!(json::decode(&content));
[INFO] [stdout]     |                               ^^^
[INFO] [stdout] 
[INFO] [stdout] 
[INFO] [stdout] warning: use of deprecated macro `try`: use the `?` operator instead
[INFO] [stdout]    --> src/main.rs:109:3
[INFO] [stdout]     |
[INFO] [stdout] 109 |   try!(fs::create_dir(dir));
[INFO] [stdout]     |   ^^^
[INFO] [stdout] 
[INFO] [stdout] 
[INFO] [stdout] warning: use of deprecated macro `try`: use the `?` operator instead
[INFO] [stdout]    --> src/main.rs:110:3
[INFO] [stdout]     |
[INFO] [stdout] 110 |   try!(Command::new("git")
[INFO] [stdout]     |   ^^^
[INFO] [stdout] 
[INFO] [stdout] 
[INFO] [stdout] warning: use of deprecated macro `try`: use the `?` operator instead
[INFO] [stdout]    --> src/main.rs:114:3
[INFO] [stdout]     |
[INFO] [stdout] 114 |   try!(Command::new("git")
[INFO] [stdout]     |   ^^^
[INFO] [stdout] 
[INFO] [stdout] 
[INFO] [stdout] warning: use of deprecated macro `try`: use the `?` operator instead
[INFO] [stdout]    --> src/main.rs:124:17
[INFO] [stdout]     |
[INFO] [stdout] 124 |   let mut res = try!(client
[INFO] [stdout]     |                 ^^^
[INFO] [stdout] 
[INFO] [stdout] 
[INFO] [stdout] warning: use of deprecated macro `try`: use the `?` operator instead
[INFO] [stdout]    --> src/main.rs:139:5
[INFO] [stdout]     |
[INFO] [stdout] 139 |     try!(res.read_to_string(&mut s));
[INFO] [stdout]     |     ^^^
[INFO] [stdout] 
[INFO] [stdout] 
[INFO] [stdout] warning: use of deprecated macro `try`: use the `?` operator instead
[INFO] [stdout]    --> src/main.rs:144:5
[INFO] [stdout]     |
[INFO] [stdout] 144 |     try!(Command::new("git")
[INFO] [stdout]     |     ^^^
[INFO] [stdout] 
[INFO] [stdout] 
[INFO] [stdout] warning: use of deprecated macro `try`: use the `?` operator instead
[INFO] [stdout]    --> src/main.rs:157:3
[INFO] [stdout]     |
[INFO] [stdout] 157 |   try!(Command::new("git")
[INFO] [stdout]     |   ^^^
[INFO] [stdout] 
[INFO] [stdout] 
[INFO] [stdout] warning: use of deprecated macro `try`: use the `?` operator instead
[INFO] [stdout]    --> src/main.rs:161:3
[INFO] [stdout]     |
[INFO] [stdout] 161 |   try!(Command::new("git")
[INFO] [stdout]     |   ^^^
[INFO] [stdout] 
[INFO] [stdout] 
[INFO] [stdout] warning: use of deprecated macro `try`: use the `?` operator instead
[INFO] [stdout]    --> src/main.rs:166:3
[INFO] [stdout]     |
[INFO] [stdout] 166 |   try!(Command::new("git")
[INFO] [stdout]     |   ^^^
[INFO] [stdout] 
[INFO] [stdout] 
[INFO] [stdout] warning: use of deprecated macro `try`: use the `?` operator instead
[INFO] [stdout]    --> src/main.rs:198:22
[INFO] [stdout]     |
[INFO] [stdout] 198 |   let mut response = try!(client
[INFO] [stdout]     |                      ^^^
[INFO] [stdout] 
[INFO] [stdout] 
[INFO] [stdout] warning: use of deprecated macro `try`: use the `?` operator instead
[INFO] [stdout]    --> src/main.rs:205:3
[INFO] [stdout]     |
[INFO] [stdout] 205 |   try!(response.read_to_string(&mut s));
[INFO] [stdout]     |   ^^^
[INFO] [stdout] 
[INFO] [stdout] 
[INFO] [stdout] warning: use of deprecated macro `try`: use the `?` operator instead
[INFO] [stdout]    --> src/main.rs:206:31
[INFO] [stdout]     |
[INFO] [stdout] 206 |   let auth: GHAuthorization = try!(json::decode(&s));
[INFO] [stdout]     |                               ^^^
[INFO] [stdout] 
[INFO] [stdout] 
[INFO] [stdout] warning: use of deprecated macro `try`: use the `?` operator instead
[INFO] [stdout]    --> src/main.rs:211:3
[INFO] [stdout]     |
[INFO] [stdout] 211 |   try!(save_config(&config));
[INFO] [stdout]     |   ^^^
[INFO] [stdout] 
[INFO] [stdout] 
[INFO] [stdout] warning: use of deprecated macro `try`: use the `?` operator instead
[INFO] [stdout]    --> src/main.rs:216:13
[INFO] [stdout]     |
[INFO] [stdout] 216 |   let dir = try!(env::home_dir()
[INFO] [stdout]     |             ^^^
[INFO] [stdout] 
[INFO] [stdout] 
[INFO] [stdout] warning: use of deprecated macro `try`: use the `?` operator instead
[INFO] [stdout]    --> src/main.rs:220:15
[INFO] [stdout]     |
[INFO] [stdout] 220 |   let mut f = try!(File::create(&filepath));
[INFO] [stdout]     |               ^^^
[INFO] [stdout] 
[INFO] [stdout] 
[INFO] [stdout] warning: use of deprecated macro `try`: use the `?` operator instead
[INFO] [stdout]    --> src/main.rs:223:3
[INFO] [stdout]     |
[INFO] [stdout] 223 |   try!(f.write_all(json.as_bytes()));
[INFO] [stdout]     |   ^^^
[INFO] [stdout] 
[INFO] [stdout] 
[INFO] [stdout] error[E0432]: unresolved import `hyper::status`
[INFO] [stdout]   --> src/main.rs:27:12
[INFO] [stdout]    |
[INFO] [stdout] 27 | use hyper::status::StatusClass;
[INFO] [stdout]    |            ^^^^^^ could not find `status` in `hyper`
[INFO] [stdout] 
[INFO] [stdout] 
[INFO] [stdout] warning: use of deprecated macro `try`: use the `?` operator instead
[INFO] [stdout]   --> src/main.rs:95:13
[INFO] [stdout]    |
[INFO] [stdout] 95 |   let dir = try!(env::home_dir()
[INFO] [stdout]    |             ^^^
[INFO] [stdout]    |
[INFO] [stdout]    = note: `#[warn(deprecated)]` on by default
[INFO] [stdout] 
[INFO] [stdout] 
[INFO] [stdout] warning: use of deprecated macro `try`: use the `?` operator instead
[INFO] [stdout]    --> src/main.rs:100:15
[INFO] [stdout]     |
[INFO] [stdout] 100 |   let mut f = try!(File::open(&filepath));
[INFO] [stdout]     |               ^^^
[INFO] [stdout] 
[INFO] [stdout] 
[INFO] [stdout] warning: use of deprecated macro `try`: use the `?` operator instead
[INFO] [stdout]    --> src/main.rs:102:3
[INFO] [stdout]     |
[INFO] [stdout] 102 |   try!(f.read_to_string(&mut content));
[INFO] [stdout]     |   ^^^
[INFO] [stdout] 
[INFO] [stdout] 
[INFO] [stdout] warning: use of deprecated macro `try`: use the `?` operator instead
[INFO] [stdout]    --> src/main.rs:103:31
[INFO] [stdout]     |
[INFO] [stdout] 103 |   let config: GHPagesConfig = try!(json::decode(&content));
[INFO] [stdout]     |                               ^^^
[INFO] [stdout] 
[INFO] [stdout] 
[INFO] [stdout] warning: use of deprecated macro `try`: use the `?` operator instead
[INFO] [stdout]    --> src/main.rs:109:3
[INFO] [stdout]     |
[INFO] [stdout] 109 |   try!(fs::create_dir(dir));
[INFO] [stdout]     |   ^^^
[INFO] [stdout] 
[INFO] [stdout] 
[INFO] [stdout] warning: use of deprecated macro `try`: use the `?` operator instead
[INFO] [stdout]    --> src/main.rs:110:3
[INFO] [stdout]     |
[INFO] [stdout] 110 |   try!(Command::new("git")
[INFO] [stdout]     |   ^^^
[INFO] [stdout] 
[INFO] [stdout] 
[INFO] [stdout] warning: use of deprecated macro `try`: use the `?` operator instead
[INFO] [stdout]    --> src/main.rs:114:3
[INFO] [stdout]     |
[INFO] [stdout] 114 |   try!(Command::new("git")
[INFO] [stdout]     |   ^^^
[INFO] [stdout] 
[INFO] [stdout] 
[INFO] [stdout] warning: use of deprecated macro `try`: use the `?` operator instead
[INFO] [stdout]    --> src/main.rs:124:17
[INFO] [stdout]     |
[INFO] [stdout] 124 |   let mut res = try!(client
[INFO] [stdout]     |                 ^^^
[INFO] [stdout] 
[INFO] [stdout] 
[INFO] [stdout] warning: use of deprecated macro `try`: use the `?` operator instead
[INFO] [stdout]    --> src/main.rs:139:5
[INFO] [stdout]     |
[INFO] [stdout] 139 |     try!(res.read_to_string(&mut s));
[INFO] [stdout]     |     ^^^
[INFO] [stdout] 
[INFO] [stdout] 
[INFO] [stdout] warning: use of deprecated macro `try`: use the `?` operator instead
[INFO] [stdout]    --> src/main.rs:144:5
[INFO] [stdout]     |
[INFO] [stdout] 144 |     try!(Command::new("git")
[INFO] [stdout]     |     ^^^
[INFO] [stdout] 
[INFO] [stdout] 
[INFO] [stdout] warning: use of deprecated macro `try`: use the `?` operator instead
[INFO] [stdout]    --> src/main.rs:157:3
[INFO] [stdout]     |
[INFO] [stdout] 157 |   try!(Command::new("git")
[INFO] [stdout]     |   ^^^
[INFO] [stdout] 
[INFO] [stdout] 
[INFO] [stdout] warning: use of deprecated macro `try`: use the `?` operator instead
[INFO] [stdout]    --> src/main.rs:161:3
[INFO] [stdout]     |
[INFO] [stdout] 161 |   try!(Command::new("git")
[INFO] [stdout]     |   ^^^
[INFO] [stdout] 
[INFO] [stdout] 
[INFO] [stdout] warning: use of deprecated macro `try`: use the `?` operator instead
[INFO] [stdout]    --> src/main.rs:166:3
[INFO] [stdout]     |
[INFO] [stdout] 166 |   try!(Command::new("git")
[INFO] [stdout]     |   ^^^
[INFO] [stdout] 
[INFO] [stdout] 
[INFO] [stdout] warning: use of deprecated macro `try`: use the `?` operator instead
[INFO] [stdout]    --> src/main.rs:198:22
[INFO] [stdout]     |
[INFO] [stdout] 198 |   let mut response = try!(client
[INFO] [stdout]     |                      ^^^
[INFO] [stdout] 
[INFO] [stdout] 
[INFO] [stdout] warning: use of deprecated macro `try`: use the `?` operator instead
[INFO] [stdout]    --> src/main.rs:205:3
[INFO] [stdout]     |
[INFO] [stdout] 205 |   try!(response.read_to_string(&mut s));
[INFO] [stdout]     |   ^^^
[INFO] [stdout] 
[INFO] [stdout] 
[INFO] [stdout] warning: use of deprecated macro `try`: use the `?` operator instead
[INFO] [stdout]    --> src/main.rs:206:31
[INFO] [stdout]     |
[INFO] [stdout] 206 |   let auth: GHAuthorization = try!(json::decode(&s));
[INFO] [stdout]     |                               ^^^
[INFO] [stdout] 
[INFO] [stdout] 
[INFO] [stdout] warning: use of deprecated macro `try`: use the `?` operator instead
[INFO] [stdout]    --> src/main.rs:211:3
[INFO] [stdout]     |
[INFO] [stdout] 211 |   try!(save_config(&config));
[INFO] [stdout]     |   ^^^
[INFO] [stdout] 
[INFO] [stdout] 
[INFO] [stdout] warning: use of deprecated macro `try`: use the `?` operator instead
[INFO] [stdout]    --> src/main.rs:216:13
[INFO] [stdout]     |
[INFO] [stdout] 216 |   let dir = try!(env::home_dir()
[INFO] [stdout]     |             ^^^
[INFO] [stdout] 
[INFO] [stdout] 
[INFO] [stdout] warning: use of deprecated macro `try`: use the `?` operator instead
[INFO] [stdout]    --> src/main.rs:220:15
[INFO] [stdout]     |
[INFO] [stdout] 220 |   let mut f = try!(File::create(&filepath));
[INFO] [stdout]     |               ^^^
[INFO] [stdout] 
[INFO] [stdout] 
[INFO] [stdout] warning: use of deprecated macro `try`: use the `?` operator instead
[INFO] [stdout]    --> src/main.rs:223:3
[INFO] [stdout]     |
[INFO] [stdout] 223 |   try!(f.write_all(json.as_bytes()));
[INFO] [stdout]     |   ^^^
[INFO] [stdout] 
[INFO] [stdout] 
[INFO] [stdout] warning: use of deprecated function `std::env::home_dir`: This function's behavior is unexpected and probably not what you want. Consider using a crate from crates.io instead.
[INFO] [stdout]   --> src/main.rs:95:18
[INFO] [stdout]    |
[INFO] [stdout] 95 |   let dir = try!(env::home_dir()
[INFO] [stdout]    |                  ^^^^^^^^^^^^^
[INFO] [stdout] 
[INFO] [stdout] 
[INFO] [stdout] warning: use of deprecated function `std::env::home_dir`: This function's behavior is unexpected and probably not what you want. Consider using a crate from crates.io instead.
[INFO] [stdout]    --> src/main.rs:216:18
[INFO] [stdout]     |
[INFO] [stdout] 216 |   let dir = try!(env::home_dir()
[INFO] [stdout]     |                  ^^^^^^^^^^^^^
[INFO] [stdout] 
[INFO] [stdout] 
[INFO] [stdout] warning: use of deprecated function `std::env::home_dir`: This function's behavior is unexpected and probably not what you want. Consider using a crate from crates.io instead.
[INFO] [stdout]   --> src/main.rs:95:18
[INFO] [stdout]    |
[INFO] [stdout] 95 |   let dir = try!(env::home_dir()
[INFO] [stdout]    |                  ^^^^^^^^^^^^^
[INFO] [stdout] 
[INFO] [stdout] 
[INFO] [stdout] warning: use of deprecated function `std::env::home_dir`: This function's behavior is unexpected and probably not what you want. Consider using a crate from crates.io instead.
[INFO] [stdout]    --> src/main.rs:216:18
[INFO] [stdout]     |
[INFO] [stdout] 216 |   let dir = try!(env::home_dir()
[INFO] [stdout]     |                  ^^^^^^^^^^^^^
[INFO] [stdout] 
[INFO] [stdout] 
[INFO] [stdout] error[E0599]: no method named `post` found for struct `Client<HttpConnector>` in the current scope
[INFO] [stdout]    --> src/main.rs:125:6
[INFO] [stdout]     |
[INFO] [stdout] 125 |     .post("https://api.github.com/user/repos")
[INFO] [stdout]     |      ^^^^ method not found in `Client<HttpConnector>`
[INFO] [stdout] 
[INFO] [stdout] 
[INFO] [stdout] error[E0599]: no method named `post` found for struct `Client<HttpConnector>` in the current scope
[INFO] [stdout]    --> src/main.rs:125:6
[INFO] [stdout]     |
[INFO] [stdout] 125 |     .post("https://api.github.com/user/repos")
[INFO] [stdout]     |      ^^^^ method not found in `Client<HttpConnector>`
[INFO] [stdout] 
[INFO] [stdout] 
[INFO] [stdout] error[E0599]: no method named `post` found for struct `Client<HttpConnector>` in the current scope
[INFO] [stdout]    --> src/main.rs:199:6
[INFO] [stdout]     |
[INFO] [stdout] 199 |     .post("https://api.github.com/authorizations")
[INFO] [stdout]     |      ^^^^ method not found in `Client<HttpConnector>`
[INFO] [stdout] 
[INFO] [stdout] 
[INFO] [stdout] error[E0599]: no method named `post` found for struct `Client<HttpConnector>` in the current scope
[INFO] [stdout]    --> src/main.rs:199:6
[INFO] [stdout]     |
[INFO] [stdout] 199 |     .post("https://api.github.com/authorizations")
[INFO] [stdout]     |      ^^^^ method not found in `Client<HttpConnector>`
[INFO] [stdout] 
[INFO] [stdout] 
[INFO] [stdout] error: aborting due to 4 previous errors; 22 warnings emitted
[INFO] [stdout] 
[INFO] [stdout] 
[INFO] [stdout] Some errors have detailed explanations: E0432, E0599.
[INFO] [stdout] 
[INFO] [stdout] For more information about an error, try `rustc --explain E0432`.
[INFO] [stdout] 
[INFO] [stdout] error: aborting due to 4 previous errors; 22 warnings emitted
[INFO] [stdout] 
[INFO] [stdout] 
[INFO] [stdout] Some errors have detailed explanations: E0432, E0599.
[INFO] [stdout] 
[INFO] [stdout] For more information about an error, try `rustc --explain E0432`.
[INFO] [stdout] 
[INFO] [stderr] error: could not compile `gh-pages`.
[INFO] [stderr] 
[INFO] [stderr] To learn more, run the command again with --verbose.
[INFO] [stderr] warning: build failed, waiting for other jobs to finish...
[INFO] [stderr] error: build failed
[INFO] running `Command { std: "docker" "inspect" "79b336bd4676ed8e64720343c2df485c75ad6ecfa548e4973f327b8cf5aef989", kill_on_drop: false }`
[INFO] running `Command { std: "docker" "rm" "-f" "79b336bd4676ed8e64720343c2df485c75ad6ecfa548e4973f327b8cf5aef989", kill_on_drop: false }`
[INFO] [stdout] 79b336bd4676ed8e64720343c2df485c75ad6ecfa548e4973f327b8cf5aef989
